hat is -19 + 641988?
641969
In base 3, what is 100122 + 221002121020?
221002221212
In base 2, what is -111 - -110100111000000111100?
110100111000000110101
In base 7, what is -1146 + 21132?
16653
In base 16, what is -2 + -27508d6?
-27508d8
In base 5, what is -24114321341 - -10?
-24114321331
In base 3, what is -12 - -10021111002010?
10021111001221
In base 13, what is -273 - -496a2?
4942c
In base 13, what is -1c76b + -c5?
-1c863
In base 5, what is -444420140 - -13?
-444420122
In base 4, what is 3033 - 2202132?
-2133033
In base 8, what is 1 - 16653271?
-16653270
In base 7, what is 130 - 3356450?
-3356320
In base 8, what is -1617566 + 11?
-1617555
In base 8, what is 0 + 12057707?
12057707
In base 2, what is -1101010101011000 - 10010110001?
-1101101000001001
In base 12, what is 0 - -95a973?
95a973
In base 8, what is -631310010 - 5?
-631310015
In base 15, what is 129be00 - -5?
129be05
In base 8, what is -321 + 6575?
6254
In base 6, what is 133 - -23154544?
23155121
In base 9, what is 237873530 - 14?
237873515
In base 8, what is -1223 - -566712?
565467
In base 3, what is -221021022 - 1001212?
-222100011
In base 7, what is -3421443 + -2?
-3421445
In base 9, what is 58824070 + 3?
58824073
In base 9, what is -144720100 - -4?
-144720085
In base 6, what is 24 + 104543144?
104543212
In base 16, what is -cb7 + -1ba2?
-2859
In base 13, what is -3196 + 14a4?
-19c2
In base 3, what is 102120 - -1202211110?
1210021000
In base 8, what is 6 + 234112674?
234112702
In base 15, what is 2 - -1c037a2?
1c037a4
In base 6, what is -1 + -1442010?
-1442011
In base 3, what is -10021020111 - -110001?
-10020210110
In base 4, what is 330 + 102000013011?
102000020001
In base 7, what is 6640 - -621?
10561
In base 13, what is -62277902 - 2?
-62277904
In base 5, what is -4 + -300110320?
-300110324
In base 5, what is -342423200 - -13143?
-342410002
In base 14, what is 4c09331 - 0?
4c09331
In base 13, what is 35 - 47bc4a?
-47bc15
In base 11, what is 6125 - -261?
6386
In base 11, what is -1a3202 - 5?
-1a3207
In base 16, what is -c83118 - 4?
-c8311c
In base 7, what is -3355540160 + 1?
-3355540156
In base 5, what is -3 - -1030131430?
1030131422
In base 6, what is 1353 - -14232455?
14234252
In base 7, what is 42 + -11010065?
-11010023
In base 5, what is 1200324 + 13433?
1214312
In base 15, what is 1c - 350b89?
-350b6c
In base 13, what is -4 + 7144b16?
7144b12
In base 5, what is -1033000241 - 23?
-1033000314
In base 2, what is -1011001100100111100010100 - 11?
-1011001100100111100010111
In base 12, what is -76408727 - -6?
-76408721
In base 13, what is -2c50c9 + 10?
-2c50b9
In base 15, what is db8344e + 4?
db83453
In base 4, what is -3 + 32011310023?
32011310020
In base 5, what is -34403120 + -102?
-34403222
In base 7, what is 2021516610 + 4?
2021516614
In base 14, what is -5663a06 - -1?
-5663a05
In base 10, what is -4 + 3399294?
3399290
In base 13, what is -3 + 232606?
232603
In base 11, what is -8536 + a22?
-7614
In base 11, what is -1451456 - 6?
-1451461
In base 5, what is -10031333230210 + 4?
-10031333230201
In base 3, what is 22210120020221 + 22?
22210120021020
In base 11, what is 2 - -6987478?
698747a
In base 6, what is -4 - 34314015330?
-34314015334
In base 11, what is 599a + 79?
5a68
In base 14, what is -3 - 1826188?
-182618b
In base 5, what is -3042003312 + -10?
-3042003322
In base 6, what is -11444351 - 231?
-11445022
In base 16, what is -cd432a - 3?
-cd432d
In base 14, what is -48273 - 55?
-482c8
In base 8, what is -7144415 + 12?
-7144403
In base 8, what is 10 + 34555244?
34555254
In base 13, what is -3 - -85570a8?
85570a5
In base 12, what is 18881 - -1b7?
18a78
In base 3, what is -101000020 + 1002101000?
201100210
In base 10, what is -251162 - 301?
-251463
In base 16, what is 42cf9 + a?
42d03
In base 15, what is -3c - -4d6dd?
4d6a1
In base 13, what is -11610a1 + 102?
-1160c9c
In base 15, what is -69b475 - -1?
-69b474
In base 11, what is 423189 - 82?
423107
In base 9, what is -64773388 + -3?
-64773402
In base 10, what is 4 + -207526?
-207522
In base 6, what is -32512 - 253?
-33205
In base 5, what is 1202433134 - -1?
1202433140
In base 10, what is 101960 - -73?
102033
In base 16, what is -1c47c42e + 1?
-1c47c42d
In base 16, what is 33d9 + -f3?
32e6
In base 2, what is 10101110011001111101011001 + 1000?
10101110011001111101100001
In base 3, what is 1001010 + -21101022001?
-21100020221
In base 11, what is 497a65 - -a?
497a74
In base 15, what is -13dd807 + 20?
-13dd7d7
In base 6, what is -5 + -33532532033?
-33532532042
In base 16, what is -135ab - -a?
-135a1
In base 4, what is -2 - 101313030?
-101313032
In base 3, what is 10011012112122220120 - -2?
10011012112122220122
In base 5, what is -2203043 - 1243?
-2204341
In base 6, what is 3 + -125414135?
-125414132
In base 11, what is 2118aa - -123?
211a22
In base 10, what is 91219 - 153?
91066
In base 15, what is 1a3876 - 78?
1a37ed
In base 14, what is -26 - -6c1335?
6c130d
In base 2, what is 100101010 - -1010011111001101?
1010100011110111
In base 14, what is -20 - -1a0b54?
1a0b34
In base 15, what is 1c4b + 12973?
146be
In base 15, what is 13c2 + 70d?
1ad0
In base 11, what is 430 - -2649?
2a79
In base 12, what is 1425b + 327?
14586
In base 3, what is -11001212000 + -2021202?
-11011010202
In base 10, what is -487 + 78969?
78482
In base 13, what is -2 - -994c52?
994c50
In base 14, what is -ca - -1a990?
1a8a4
In base 5, what is -114200443 - 2244?
-114203242
In base 3, what is 122012 - -220202220?
221102002
In base 2, what is 110001100001 - -100111101001001?
101101110101010
In base 13, what is 0 + -21ba238?
-21ba238
In base 8, what is -57673 - 35043?
-114736
In base 13, what is -22a8 - -a59?
-154c
In base 13, what is 8543420 + -c?
8543411
In base 14, what is -3abb52 - 10?
-3abb62
In base 14, what is 122 + 143aa4?
143bc6
In base 2, what is -100001011111100 + -100010011?
-100010000001111
In base 11, what is 37886 - 1242?
36644
In base 9, what is -577 + -3564?
-4252
In base 16, what is -a065ef - -4?
-a065eb
In base 10, what is -46265 + -123?
-46388
In base 13, what is -219a0a - -14?
-2199c6
In base 2, what is -11001101011111101 + -110011001111?
-11010011111001100
In base 10, what is 2 - -4577280?
4577282
In base 6, what is -140401 + -14131?
-154532
In base 2, what is -11110001111000 + 1101111011001110?
1010001001010110
In base 11, what is 36235 - -8?
36242
In base 5, what is -112101 + 1131?
-110420
In base 12, what is -41920 - 567?
-42287
In base 16, what is 3f381 - -487?
3f808
In base 5, what is -213310001 + -30?
-213310031
In base 13, what is 9993a - 13?
99927
In base 2, what is -111101 + 1000100010110011111000?
1000100010110010111011
In base 13, what is -9c9490 + -a?
-9c949a
In base 14, what is 10abc + -d9?
109c3
In base 4, what is 1123223311 + -31?
1123223220
In base 7, what is 4513 - 216632?
-212116
In base 11, what is -2296 - 935?
-3120
In base 10, what is 2 - -11451140?
11451142
In base 6, what is -10003442530 - -2?
-10003442524
In base 16, what is fd06 - -2e8?
ffee
In base 11, what is -1 + -17a1a0a7?
-17a1a0a8
In base 12, what is -1b0886 - b3?
-1b0979
In base 11, what is 76 - 296a8?
-29632
In base 11, what is 3 + 4012a83?
4012a86
In base 12, what is -119020 + 248?
-118994
In base 11, what is -4493054 - 1?
-4493055
In base 5, what is -14222432 - -1004?
-14221423
In base 13, what is -8 + 85150a?
851502
In base 5, what is 13010 + 1120034?
1133044
In base 3, what is 12 - 122010121110222?
-122010121110210
In base 11, what is -3598a8 - 2?
-3598aa
In base 2, what is -11000010111000111001001001 - 101?
-11000010111000111001001110
In base 16, what is -4c6 + 3fc?
-ca
In base 16, what is -b3900 - 9?
-b3909
In base 8, what is -2 + 202506473?
202506471
In base 5, what is 23 - -112202240332?
112202240410
In base 11, what is -13035 - 390?
-13415
In base 10, what is 6223139 + -3?
6223136
In base 4, what is 1101003 + 31313?
1132322
In base 7, what is 655 + 226344?
230332
In base 3, what is 1110120002122 - -1021?
1110120010220
In base 9, what is 57675057 + 0?
57675057
In base 9, what is 217036 - -4500?
222536
In base 9, what is -1666 - -424780?
423113
In base 3, what is -121010010100201010 + 2?
-121010010100201001
In base 9, what is -3261663 - 32?
-3261705
In base 6, what is -310044345 + 5?
-310044340
In base 10, what is 890821 - 5?
890816
In base 2, wha